e factors of 153970.
2, 5, 89, 173
List the prime factors of 8222117.
19, 432743
What are the prime factors of 313679?
313679
What are the prime factors of 564230?
2, 5, 17, 3319
What are the prime factors of 367915?
5, 73583
List the prime factors of 158380.
2, 5, 7919
What are the prime factors of 17047485?
3, 5, 7, 13, 23, 181
List the prime factors of 355177.
163, 2179
What are the prime factors of 5072642?
2, 109, 23269
List the prime factors of 3813230.
2, 5, 381323
What are the prime factors of 4635209?
89, 52081
List the prime factors of 4466422.
2, 101, 22111
What are the prime factors of 3247370?
2, 5, 7, 23, 2017
List the prime factors of 974731.
797, 1223
What are the prime factors of 227274?
2, 3, 37879
List the prime factors of 6902888.
2, 862861
List the prime factors of 18243023.
17, 173, 6203
What are the prime factors of 1851771?
3, 617257
What are the prime factors of 3292153?
337, 9769
List the prime factors of 674649.
3, 8329
What are the prime factors of 171030?
2, 3, 5, 5701
What are the prime factors of 1672225?
5, 66889
List the prime factors of 8657880.
2, 3, 5, 7, 11, 937
List the prime factors of 2462274.
2, 3, 29, 53, 89
List the prime factors of 3308005.
5, 419, 1579
List the prime factors of 4646581.
577, 8053
List the prime factors of 846434.
2, 83, 5099
What are the prime factors of 1167785?
5, 233557
List the prime factors of 448502.
2, 224251
What are the prime factors of 932717?
229, 4073
List the prime factors of 59925.
3, 5, 17, 47
List the prime factors of 2160028.
2, 13, 41539
List the prime factors of 27492733.
27492733
What are the prime factors of 666572?
2, 166643
What are the prime factors of 2706?
2, 3, 11, 41
What are the prime factors of 17427754?
2, 17, 512581
What are the prime factors of 7725985?
5, 181, 8537
What are the prime factors of 1149428?
2, 7, 41051
List the prime factors of 4690696.
2, 167, 3511
What are the prime factors of 3314425?
5, 233, 569
What are the prime factors of 4597289?
41, 112129
What are the prime factors of 1779721?
67, 101, 263
List the prime factors of 26526206.
2, 7, 1894729
What are the prime factors of 169216?
2, 661
List the prime factors of 1835818.
2, 19, 48311
What are the prime factors of 35693472?
2, 3, 17, 21871
List the prime factors of 2560131.
3, 7, 40637
List the prime factors of 29873761.
29873761
What are the prime factors of 2032732?
2, 13, 31, 97
What are the prime factors of 1977696?
2, 3, 7, 109
What are the prime factors of 91747?
23, 3989
What are the prime factors of 118613?
11, 41, 263
What are the prime factors of 1657994?
2, 13, 43, 1483
What are the prime factors of 16498242?
2, 3, 83, 409
List the prime factors of 115268.
2, 28817
List the prime factors of 815478.
2, 3, 135913
List the prime factors of 233562.
2, 3, 7, 67, 83
What are the prime factors of 12686016?
2, 3, 7, 9439
List the prime factors of 19023350.
2, 5, 101, 3767
What are the prime factors of 6641002?
2, 89, 37309
List the prime factors of 19159512.
2, 3, 751, 1063
List the prime factors of 1075074.
2, 3, 7, 11, 13, 179
What are the prime factors of 1732932?
2, 3, 37, 1301
List the prime factors of 12462374.
2, 6231187
List the prime factors of 3979875.
3, 5, 10613
What are the prime factors of 183972?
2, 3, 15331
What are the prime factors of 376023?
3, 17, 73, 101
List the prime factors of 64409.
29, 2221
List the prime factors of 452848.
2, 11, 31, 83
What are the prime factors of 817754?
2, 7, 58411
What are the prime factors of 1701142?
2, 850571
What are the prime factors of 501550?
2, 5, 7, 1433
What are the prime factors of 2023463?
13, 31, 5021
List the prime factors of 5846787.
3, 649643
What are the prime factors of 9208692?
2, 3, 19, 13463
What are the prime factors of 4519012?
2, 29, 163, 239
List the prime factors of 1248992.
2, 23, 1697
List the prime factors of 680829.
3, 226943
List the prime factors of 3649088.
2, 23, 37, 67
What are the prime factors of 821861?
821861
List the prime factors of 16471484.
2, 101, 40771
List the prime factors of 3166866.
2, 3, 175937
List the prime factors of 1774106.
2, 19, 46687
What are the prime factors of 5402186?
2, 1009, 2677
List the prime factors of 20153328.
2, 3, 13, 32297
List the prime factors of 415974.
2, 3, 13, 5333
List the prime factors of 836566.
2, 31, 103, 131
What are the prime factors of 11101419?
3, 7, 176213
List the prime factors of 3384088.
2, 17, 149, 167
List the prime factors of 410326.
2, 7, 53, 79
List the prime factors of 294181.
294181
List the prime factors of 18807237.
3, 2089693
List the prime factors of 9451832.
2, 13, 6991
List the prime factors of 187577.
13, 47, 307
List the prime factors of 655851.
3, 7, 31231
List the prime factors of 4629201.
3, 1543067
What are the prime factors of 15555364?
2, 11, 353531
List the prime factors of 253453.
17, 877
What are the prime factors of 3025964?
2, 41, 18451
List the prime factors of 1634452.
2, 317, 1289
What are the prime factors of 565767?
3, 37, 1699
What are the prime factors of 3984679?
3984679
What are the prime factors of 184941?
3, 20549
What are the prime factors of 186595?
5, 67, 557
List the prime factors of 59243.
59243
List the prime factors of 315115.
5, 19, 31, 107
What are the prime factors of 216022?
2, 108011
What are the prime factors of 32721?
3, 13, 839
What are the prime factors of 3801241?
3801241
What are the prime factors of 4561212?
2, 3, 37, 10273
What are the prime factors of 354607?
11, 32237
List the prime factors of 1417070.
2, 5, 141707
List the prime factors of 230155.
5, 191, 241
List the prime factors of 2444552.
2, 11, 27779
What are the prime factors of 1259140?
2, 5, 157, 401
What are the prime factors of 11844383?
29, 408427
What are the prime factors of 1001547?
3, 19, 5857
What are the prime factors of 13520251?
23, 109, 5393
List the prime factors of 258439.
109, 2371
What are the prime factors of 8013616?
2, 13, 59, 653
What are the prime factors of 30117492?
2, 3, 31, 26987
What are the prime factors of 8304769?
11, 754979
What are the prime factors of 3728?
2, 233
List the prime factors of 2960680.
2, 5, 74017
What are the prime factors of 12152089?
167, 72767
What are the prime factors of 85894?
2, 67, 641
What are the prime factors of 133328?
2, 13, 641
List the prime factors of 1505371.
7, 83, 2591
What are the prime factors of 2002440?
2, 3, 5, 11, 37, 41
What are the prime factors of 16287947?
13, 41, 30559
What are the prime factors of 394681?
7, 56383
What are the prime factors of 1816959?
3, 37, 16369
List the prime factors of 22091.
22091
What are the prime factors of 221209?
221209
What are the prime factors of 41295?
3, 5, 2753
What are the prime factors of 1810285?
5, 79, 4583
List the prime factors of 6471521.
7, 924503
What are the prime factors of 8546222?
2, 61, 70051
What are the prime factors of 2607306?
2, 3, 13, 33427
List the prime factors of 539675.
5, 21587
List the prime factors of 2492210.
2, 5, 7, 35603
List the prime factors of 951306.
2, 3, 158551
List the prime factors of 2943071.
653, 4507
List the prime factors of 66839.
89, 751
What are the prime factors of 1185796?
2, 521, 569
List the prime factors of 5061543.
3, 19, 88799
What are the prime factors of 63170?
2, 5, 6317
List the prime factors of 762736.
2, 13, 19, 193
List the prime factors of 417984.
2, 3, 7, 311
What are the prime factors of 11956287?
3, 7, 17, 107, 313
What are the prime factors of 1286250?
2, 3, 5, 7
List the prime factors of 858118.
2, 503, 853
What are the prime factors of 787889?
43, 73, 251
List the prime factors of 3527499.
3, 1175833
List the prime factors of 73791.
3, 911
What are the prime factors of 1816813?
1816813
List the prime factors of 179371.
181, 991
List the prime factors of 148623.
3, 107, 463
What are the prime factors of 689053?
53, 13001
What are the prime factors of 965278?
2, 31, 15569
What are the prime factors of 5546177?
7, 13, 59, 1033
What are the prime factors of 6109051?
13, 19, 24733
What are the prime factors of 309116?
2, 77279
What are the prime factors of 665701?
179, 3719
What are the prime factors of 766251?
3, 19, 4481
What are the prime factors of 28644584?
2, 1523, 2351
List the prime factors of 1327512.
2, 3, 55313
List the prime factors of 3